{"id":37,"date":"2020-02-12T23:55:47","date_gmt":"2020-02-12T21:55:47","guid":{"rendered":"https:\/\/www.rasivaara.fi\/raakkylan\/?page_id=37"},"modified":"2025-09-19T20:43:45","modified_gmt":"2025-09-19T17:43:45","slug":"yleista-tietoa-tapahtumasta","status":"publish","type":"page","link":"https:\/\/www.rasivaara.fi\/raakkylan\/yleista-tietoa-tapahtumasta\/","title":{"rendered":"Yleist\u00e4 tietoa tapahtumasta"},"content":{"rendered":"\n<figure class=\"wp-block-image size-large\"><img loading=\"lazy\" decoding=\"async\" width=\"1024\" height=\"596\" src=\"https:\/\/www.rasivaara.fi\/raakkylan\/wp-content\/uploads\/sites\/3\/2020\/02\/DSC_0128-1024x596-1.jpg\" alt=\"\" class=\"wp-image-38\" srcset=\"https:\/\/www.rasivaara.fi\/raakkylan\/wp-content\/uploads\/sites\/3\/2020\/02\/DSC_0128-1024x596-1.jpg 1024w, https:\/\/www.rasivaara.fi\/raakkylan\/wp-content\/uploads\/sites\/3\/2020\/02\/DSC_0128-1024x596-1-300x175.jpg 300w, https:\/\/www.rasivaara.fi\/raakkylan\/wp-content\/uploads\/sites\/3\/2020\/02\/DSC_0128-1024x596-1-768x447.jpg 768w\" sizes=\"auto, (max-width: 1024px) 100vw, 1024px\" \/><\/figure>\n\n\n\n<p><em>R\u00e4\u00e4kkyLAN<\/em> on l\u00e4hiverkkopelitapahtuma &#8211; eli &#8221;lanit&#8221;, jossa nuoret (tai v\u00e4h\u00e4n vanhemmatkin) kokoontuvat pelaamaan omilla laitteillaan pelej\u00e4 verkkoyhteyden v\u00e4lityksell\u00e4. Tavallisesti tapahtumassa on verkkopelaamisen lis\u00e4ksi muutakin ohjelmaa kaikille avoimessa yleis\u00f6tilaisuudessa.<\/p>\n\n\n\n<p>Tapahtumaa on j\u00e4rjestetty vuodesta 2016 l\u00e4htien R\u00e4\u00e4kkyl\u00e4n Rasivaarassa, nuorisoseurantalo Rasihovilla kaksi kertaa vuodessa, tavallisesti syys- ja talviloman tienoilla.<\/p>\n\n\n\n<p>R\u00e4\u00e4kkyLAN on l\u00e4hinn\u00e4 yl\u00e4kouluik\u00e4isille suunnattu tapahtuma, jossa haluamme antaa nuorille mahdollisuuden pelata pelej\u00e4 <em>kavereiden kanssa<\/em> monta tuntia putkeen, aikuisten valvonnassa. <\/p>\n\n\n\n<p>Lanien j\u00e4rjest\u00e4j\u00e4n\u00e4 on ollut R\u00e4\u00e4kkyl\u00e4n kunnan vapaa-aikatoimen lis\u00e4ksi joukko muita toimijoita, mm. Rasivaaran Nuorisoseura, Mannerheimin Lastensuojeluliiton R\u00e4\u00e4kkyl\u00e4n paikallisosasto, R\u00e4\u00e4kkyl\u00e4n 4H -yhdistys sek\u00e4 R\u00e4\u00e4kkyl\u00e4n Osuuspankki. N\u00e4iden lis\u00e4ksi tapahtumaa ovat olleet j\u00e4rjest\u00e4m\u00e4ssa ja tukemassa monet muutkin paikalliset yritykset ja yhdistykset sek\u00e4 joukko talkoolaisia. Internet-yhteyden tapahtuman ajaksi tarjoaa Elisa.<\/p>\n","protected":false},"excerpt":{"rendered":"<p>R\u00e4\u00e4kkyLAN on l\u00e4hiverkkopelitapahtuma &#8211; eli &#8221;lanit&#8221;, jossa nuoret (tai v\u00e4h\u00e4n vanhemmatkin) kokoontuvat pelaamaan omilla laitteillaan pelej\u00e4 verkkoyhteyden v\u00e4lityksell\u00e4. Tavallisesti tapahtumassa on verkkopelaamisen lis\u00e4ksi muutakin ohjelmaa kaikille avoimessa yleis\u00f6tilaisuudessa. Tapahtumaa on j\u00e4rjestetty vuodesta 2016 l\u00e4htien R\u00e4\u00e4kkyl\u00e4n Rasivaarassa, nuorisoseurantalo Rasihovilla kaksi kertaa vuodessa, tavallisesti syys- ja talviloman tienoilla. R\u00e4\u00e4kkyLAN on l\u00e4hinn\u00e4 yl\u00e4kouluik\u00e4isille suunnattu tapahtuma, jossa haluamme antaa &hellip; <a href=\"https:\/\/www.rasivaara.fi\/raakkylan\/yleista-tietoa-tapahtumasta\/\" class=\"more-link\">Jatka lukemista <span class=\"screen-reader-text\">Yleist\u00e4 tietoa tapahtumasta<\/span> <span class=\"meta-nav\">&rarr;<\/span><\/a><\/p>\n","protected":false},"author":1,"featured_media":0,"parent":0,"menu_order":0,"comment_status":"closed","ping_status":"closed","template":"","meta":{"footnotes":""},"class_list":["post-37","page","type-page","status-publish","hentry"],"_links":{"self":[{"href":"https:\/\/www.rasivaara.fi\/raakkylan\/wp-json\/wp\/v2\/pages\/37","targetHints":{"allow":["GET"]}}],"collection":[{"href":"https:\/\/www.rasivaara.fi\/raakkylan\/wp-json\/wp\/v2\/pages"}],"about":[{"href":"https:\/\/www.rasivaara.fi\/raakkylan\/wp-json\/wp\/v2\/types\/page"}],"author":[{"embeddable":true,"href":"https:\/\/www.rasivaara.fi\/raakkylan\/wp-json\/wp\/v2\/users\/1"}],"replies":[{"embeddable":true,"href":"https:\/\/www.rasivaara.fi\/raakkylan\/wp-json\/wp\/v2\/comments?post=37"}],"version-history":[{"count":6,"href":"https:\/\/www.rasivaara.fi\/raakkylan\/wp-json\/wp\/v2\/pages\/37\/revisions"}],"predecessor-version":[{"id":466,"href":"https:\/\/www.rasivaara.fi\/raakkylan\/wp-json\/wp\/v2\/pages\/37\/revisions\/466"}],"wp:attachment":[{"href":"https:\/\/www.rasivaara.fi\/raakkylan\/wp-json\/wp\/v2\/media?parent=37"}],"curies":[{"name":"wp","href":"https:\/\/api.w.org\/{rel}","templated":true}]}}