{"id":20,"date":"2023-09-20T00:24:41","date_gmt":"2023-09-19T21:24:41","guid":{"rendered":"https:\/\/www.rasivaara.fi\/raakkylan\/?page_id=20"},"modified":"2026-03-12T23:06:44","modified_gmt":"2026-03-12T21:06:44","slug":"tietoa-pelaajille","status":"publish","type":"page","link":"https:\/\/www.rasivaara.fi\/raakkylan\/tietoa-pelaajille\/","title":{"rendered":"Tietoa pelaajille"},"content":{"rendered":"\n<h2 class=\"wp-block-heading\">Ennen kuin ilmoittaudut pelaajaksi R\u00e4\u00e4kkyLAN-tapahtumaan lue n\u00e4m\u00e4!<\/h2>\n\n\n\n<p><strong>Laneissa ei j\u00e4rjestet\u00e4 ruokailuja, joten ota riitt\u00e4v\u00e4sti kunnollista ev\u00e4st\u00e4 mukaan. Kylmi\u00e4 ruokia varten ota mukaasi oma kylm\u00e4laukku &#8211; \u00e4l\u00e4 ota kuitenkaan s\u00e4hk\u00f6k\u00e4ytt\u00f6ist\u00e4 kylm\u00e4laitetta tai ruoan l\u00e4mmitykseen k\u00e4ytett\u00e4v\u00e4\u00e4 laitetta!<\/strong><\/p>\n\n\n\n<ul class=\"wp-block-list\">\n<li>Pelaajana sitoudut noudattamaan tapahtuman <a href=\"https:\/\/www.rasivaara.fi\/raakkylan\/wp-content\/uploads\/sites\/3\/2022\/10\/saannot.pdf\">s\u00e4\u00e4nt\u00f6j\u00e4<\/a> ja valvojien antamia ohjeita.<\/li>\n\n\n\n<li>Sitoudut maksamaan <strong>7 euron pelipaikkamaksun<\/strong>.<\/li>\n\n\n\n<li>Pelipaikkamaksu sis\u00e4lt\u00e4\u00e4 nettiyhteyden (yksi RJ45-liitin) ja s\u00e4hk\u00f6n (yksi pistokepaikka) sek\u00e4 oikeuden osallistua lanikilpailuun.<\/li>\n\n\n\n<li>R\u00e4\u00e4kkyLAN-tapahtumaan otetaan (noin) 50 ensimm\u00e4iseksi ilmoittautunutta pelaajaa (ensisijaisesti r\u00e4\u00e4kkyl\u00e4l\u00e4isille osallistujille).<\/li>\n\n\n\n<li>Jokaisen alaik\u00e4isen pelaajaan huoltajilta kysyt\u00e4\u00e4n lupa tapahtumaan osallistumiseen.<\/li>\n\n\n\n<li>Tapahtumassa ei saa ladata verkosta ylim\u00e4\u00e4r\u00e4ist\u00e4 materiaalia, sill\u00e4 se hidastaa verkkoyhteytt\u00e4 ja voi olla laitonta. Tapahtuma ja nettiyhteys on tarkoitettu pelien pelaamiseen, videoiden katseluun, musiikin kuuntelemiseen, nettiselailuun ja&nbsp; keskusteluun.<\/li>\n\n\n\n<li>Lataa tietokoneellasi olevien ohjelmien (mukaanlukien k\u00e4ytt\u00f6j\u00e4rjestelm\u00e4n) p\u00e4ivitykset ennen tapahtumaa, sill\u00e4 p\u00e4ivitysten lataaminen kuormittaa verkkoa (lis\u00e4ksi sinulle j\u00e4\u00e4 enemm\u00e4n aikaa itse pelaamiseen!)<\/li>\n\n\n\n<li>Pelaajaksi ilmoittautuessasi sinun tulee ymm\u00e4rt\u00e4\u00e4, ett\u00e4 tuot tapahtumaan omat pelikoneesi ja laitteesi. Olet my\u00f6s vastuussa omien laitteidesi sis\u00e4ll\u00f6st\u00e4 sek\u00e4 niiden suojauksista.<\/li>\n\n\n\n<li>Ota mukaasi jatkojohtoa (kullekin pelipaikalle on siis varattu ainoastaan yksi pistokepaikka, josta pelaajan itse on voitava jakaa s\u00e4hk\u00f6 laitteilleen).<\/li>\n\n\n\n<li>R\u00e4\u00e4kkyLAN-tapahtumassa noudatetaan pelien ik\u00e4rajasuosituksia.<\/li>\n\n\n\n<li>Tapahtumassa ei tarvitse olla koko aikaa ja pelipaikan saa purkaa aikaisemmin, mutta t\u00e4m\u00e4 ei saa aiheuttaa h\u00e4iri\u00f6t\u00e4 muille pelaajille.<\/li>\n\n\n\n<li><strong>Huoltaja on vastuussa pelaajan tietokoneen sis\u00e4ll\u00f6st\u00e4 (mukaan lukien pelit ja n\u00e4iden ik\u00e4rajojen noudattaminen), tietoturvasta sek\u00e4 pelaajan ev\u00e4ist\u00e4 ja muista tarvikkeista!<\/strong><\/li>\n\n\n\n<li><strong>Tapahtuma on p\u00e4ihteet\u00f6n ja savuton!<\/strong><\/li>\n<\/ul>\n\n\n\n<figure class=\"wp-block-image size-large\"><img loading=\"lazy\" decoding=\"async\" width=\"1024\" height=\"603\" src=\"https:\/\/www.rasivaara.fi\/raakkylan\/wp-content\/uploads\/sites\/3\/2020\/02\/DSC_2182-1024x603-1.jpg\" alt=\"\" class=\"wp-image-22\" srcset=\"https:\/\/www.rasivaara.fi\/raakkylan\/wp-content\/uploads\/sites\/3\/2020\/02\/DSC_2182-1024x603-1.jpg 1024w, https:\/\/www.rasivaara.fi\/raakkylan\/wp-content\/uploads\/sites\/3\/2020\/02\/DSC_2182-1024x603-1-300x177.jpg 300w, https:\/\/www.rasivaara.fi\/raakkylan\/wp-content\/uploads\/sites\/3\/2020\/02\/DSC_2182-1024x603-1-768x452.jpg 768w\" sizes=\"auto, (max-width: 1024px) 100vw, 1024px\" \/><\/figure>\n\n\n\n<h3 class=\"wp-block-heading\"><b>Ota siis mukaasi (pakkauslista):<\/b><\/h3>\n\n\n\n<ul class=\"wp-block-list\">\n<li>Tietokone\/pelikonsoli\/tms. sek\u00e4 n\u00e4ytt\u00f6laite<\/li>\n\n\n\n<li>N\u00e4pp\u00e4imist\u00f6, hiiri, peliohjain, kuulokkeet &#8211; ei kaiuttimia!<\/li>\n\n\n\n<li>Tarvittavat virtakaapelit laitteillesi sek\u00e4 s\u00e4hk\u00f6jatkojohtoa useammalla pistokkeella (n. 3 metri\u00e4)<\/li>\n\n\n\n<li>Oman pelituolin voi halutessaan ottaa mukaan<\/li>\n\n\n\n<li>Mukavat ja l\u00e4mpim\u00e4t vaatteet<\/li>\n\n\n\n<li>Sis\u00e4jalkineet<\/li>\n\n\n\n<li>Tarvitsemasi henkil\u00f6kohtaiset hygieniatarvikkeet, l\u00e4\u00e4kkeet ym.<\/li>\n\n\n\n<li>Riitt\u00e4v\u00e4sti kunnollista ev\u00e4st\u00e4 sek\u00e4 juomista.<\/li>\n\n\n\n<li>Makuualusta nukkumista ja lep\u00e4\u00e4mist\u00e4 varten<\/li>\n<\/ul>\n\n\n\n<p>Omaa pelipaikkaa voi my\u00f6s halutessaan koristella hillitysti, ja esimerkiksi led-valoja voi k\u00e4ytt\u00e4\u00e4 tietyin varauksin. Mik\u00e4li valoista on kuitenkin h\u00e4iri\u00f6t\u00e4 tai muuta haittaa, joudumme rajoittamaan niiden k\u00e4ytt\u00f6\u00e4. Hehkulamppuja, halogeenivaloja tai loisteputkia (mukaan lukien ns. energians\u00e4\u00e4st\u00f6lamput) ei saa k\u00e4ytt\u00e4\u00e4.<\/p>\n\n\n\n<figure class=\"wp-block-image size-large\"><img loading=\"lazy\" decoding=\"async\" width=\"1024\" height=\"771\" src=\"https:\/\/www.rasivaara.fi\/raakkylan\/wp-content\/uploads\/sites\/3\/2020\/02\/johot-1024x771-1.jpeg\" alt=\"\" class=\"wp-image-25\" srcset=\"https:\/\/www.rasivaara.fi\/raakkylan\/wp-content\/uploads\/sites\/3\/2020\/02\/johot-1024x771-1.jpeg 1024w, https:\/\/www.rasivaara.fi\/raakkylan\/wp-content\/uploads\/sites\/3\/2020\/02\/johot-1024x771-1-300x226.jpeg 300w, https:\/\/www.rasivaara.fi\/raakkylan\/wp-content\/uploads\/sites\/3\/2020\/02\/johot-1024x771-1-768x578.jpeg 768w\" sizes=\"auto, (max-width: 1024px) 100vw, 1024px\" \/><\/figure>\n\n\n\n<p><\/p>\n\n\n\n<p><\/p>\n","protected":false},"excerpt":{"rendered":"<p>Ennen kuin ilmoittaudut pelaajaksi R\u00e4\u00e4kkyLAN-tapahtumaan lue n\u00e4m\u00e4! Laneissa ei j\u00e4rjestet\u00e4 ruokailuja, joten ota riitt\u00e4v\u00e4sti kunnollista ev\u00e4st\u00e4 mukaan. Kylmi\u00e4 ruokia varten ota mukaasi oma kylm\u00e4laukku &#8211; \u00e4l\u00e4 ota kuitenkaan s\u00e4hk\u00f6k\u00e4ytt\u00f6ist\u00e4 kylm\u00e4laitetta tai ruoan l\u00e4mmitykseen k\u00e4ytett\u00e4v\u00e4\u00e4 laitetta! Ota siis mukaasi (pakkauslista): Omaa pelipaikkaa voi my\u00f6s halutessaan koristella hillitysti, ja esimerkiksi led-valoja voi k\u00e4ytt\u00e4\u00e4 tietyin varauksin. Mik\u00e4li valoista &hellip; <a href=\"https:\/\/www.rasivaara.fi\/raakkylan\/tietoa-pelaajille\/\" class=\"more-link\">Jatka lukemista <span class=\"screen-reader-text\">Tietoa pelaajille<\/span> <span class=\"meta-nav\">&rarr;<\/span><\/a><\/p>\n","protected":false},"author":1,"featured_media":0,"parent":0,"menu_order":0,"comment_status":"closed","ping_status":"closed","template":"","meta":{"footnotes":""},"class_list":["post-20","page","type-page","status-publish","hentry"],"_links":{"self":[{"href":"https:\/\/www.rasivaara.fi\/raakkylan\/wp-json\/wp\/v2\/pages\/20","targetHints":{"allow":["GET"]}}],"collection":[{"href":"https:\/\/www.rasivaara.fi\/raakkylan\/wp-json\/wp\/v2\/pages"}],"about":[{"href":"https:\/\/www.rasivaara.fi\/raakkylan\/wp-json\/wp\/v2\/types\/page"}],"author":[{"embeddable":true,"href":"https:\/\/www.rasivaara.fi\/raakkylan\/wp-json\/wp\/v2\/users\/1"}],"replies":[{"embeddable":true,"href":"https:\/\/www.rasivaara.fi\/raakkylan\/wp-json\/wp\/v2\/comments?post=20"}],"version-history":[{"count":44,"href":"https:\/\/www.rasivaara.fi\/raakkylan\/wp-json\/wp\/v2\/pages\/20\/revisions"}],"predecessor-version":[{"id":504,"href":"https:\/\/www.rasivaara.fi\/raakkylan\/wp-json\/wp\/v2\/pages\/20\/revisions\/504"}],"wp:attachment":[{"href":"https:\/\/www.rasivaara.fi\/raakkylan\/wp-json\/wp\/v2\/media?parent=20"}],"curies":[{"name":"wp","href":"https:\/\/api.w.org\/{rel}","templated":true}]}}